 List the prime factors of -1*2 + v/(-1).
3
Suppose j = 18 + 40. Suppose -3*n = -r - 0*r - 52, 2*n = -4*r + j. What are the prime factors of n?
19
Let f be 2 - -31*(1 + 0). Let k = f + 23. What are the prime factors of k?
2, 7
Let w(u) = 10*u**2 + 11*u - 26. List the prime factors of w(5).
3, 31
Let k(w) = 3*w**2 + 16. List the prime factors of k(-5).
7, 13
Suppose 43 + 59 = 2*j. What are the prime factors of j?
3, 17
Suppose 2*b - 32 = -0*b - 2*y, -4*y + 16 = 0. What are the prime factors of b?
2, 3
Let r be (0 - 1)/((-1)/5). Suppose r + 10 = 5*t. Suppose -t*b + 0*b + 36 = 0. What are the prime factors of b?
2, 3
Let r = 7 + -4. Suppose -r = -2*c - c. What are the prime factors of 2*1 - (-3 - c)?
2, 3
Let p be 75/2*8/(-10). Let w = p + 60. Suppose -24 = -2*l - 4*k + 6*k, -w = -5*l - k. What are the prime factors of l?
7
Let l(u) = u**2 + 7*u + 4. Let r be l(-7). Suppose 26 = r*w - h, w - 8 = -0*h + h. What are the prime factors of (1 - -1)*w/2?
2, 3
Suppose -3 = -3*o + 3. What are the prime factors of 1*(-3 - -37 - o)?
2
Suppose 5*w - 2*n = 667, w + 2*n - 131 = 3*n. List the prime factors of w.
3, 5
Suppose -4*b = -3*g - g - 48, 0 = -2*b + 4*g + 28. Suppose 3*q - b = -4. What are the prime factors of q?
2
Suppose -2*k = -0*k - 8. Suppose 12 = k*s - 7*b + 3*b, b = -3*s + 5. Suppose 0*w = -s*w + 12. List the prime factors of w.
2, 3
Let d = 406 - 163. List the prime factors of d.
3
Let l be 4 + (4 - 3 - 4). List the prime factors of (-48)/9*(l + -10).
2, 3
Suppose 2*r - 4*p - 38 = 0, 4*p + p = 3*r - 54. What are the prime factors of r?
13
Suppose 0 = 4*n - 1 - 11. Let t = n - -3. List the prime factors of (2/t)/((-2)/(-36)).
2, 3
Let s(v) = 3*v**3 - 2*v**2 + v. Let z be s(1). Let k be 1/((-3)/(-9))*5. Suppose -z*o = o - k. What are the prime factors of o?
5
Let i = 0 + 0. Let h be 176/18 + 8/36. Let t = h - i. What are the prime factors of t?
2, 5
Suppose -2*v = v - 60. Suppose 2*p + 2*p = 2*w + v, -25 = -5*p + 4*w. Suppose p*i - 8 = -s, -5*s + 14 = -0*i - i. What are the prime factors of s?
3
Let r(x) = -2*x**3 - 3*x + 4*x + x**3 + x**2. Let a be r(-2). Let m(y) = y**2 - 9*y. List the prime factors of m(a).
2, 5
Let q(g) = -g**2 + 3*g - 1. Let m be q(2). Let t be 3 + (16 - m) - -2. List the prime factors of ((-24)/10)/((-6)/t).
2
Let p(o) = o**2 - 2*o - 4. Suppose 2*b + 2*b - 5*d = -5, 0 = b - 3*d + 10. List the prime factors of p(b).
11
Let z = -26 + 50. List the prime factors of z.
2, 3
Suppose -57 = -5*v + 28. What are the prime factors of v?
17
Let z = -21 - -17. What are the prime factors of 22 - (-1)/(z/(-16))?
2, 13
Let i(j) = -j**3 + 4*j**2 + 4*j + 7. Let m be i(5). Suppose 0 = -m*w + 8, q + 6 - 13 = 2*w. What are the prime factors of 87/q + 1/5?
2, 3
List the prime factors of (-2)/(-3) + 5860/30.
2, 7
Suppose -2*i - y + 30 = -19, -4*i - 3*y = -103. What are the prime factors of i?
2, 11
Let x = 13 - -12. List the prime factors of x.
5
Suppose -3*f = 5*k - 689, -5*k - f - 72 = -755. What are the prime factors of k?
2, 17
Suppose 2 + 13 = 5*z. Let k be (z/(-9))/((-3)/18). What are the prime factors of (3 - k) + 1 + 0?
2
Let p = 142 - 30. What are the prime factors of p?
2, 7
Suppose 0 = -2*c + 4 + 16. List the prime factors of c.
2, 5
Let t be (-2 - (-15)/9)*-123. Suppose 49 = 5*c - t. Suppose -2*o = o - c. List the prime factors of o.
2, 3
Suppose -3*y - 4 + 3 = -2*x, 3*y + 3 = 3*x. What are the prime factors of 4 - (-1 + y) - 2?
2
Let x(k) = -3*k - 4. Let d be (-32)/4 - (0 + 2). Let b be d + 1 + (3 - 1). List the prime factors of x(b).
17
Suppose 2*z + 18 = -2*r, 5*z + 3*r + 15 = 4*z. Let d be (-44)/(-12) + 4/z. Let j(n) = n - 1. What are the prime factors of j(d)?
2
Suppose -24 = -v + 2*v. Let s be 16/v*30/(-4). Suppose 4*y = -3*u + 26, 2*y + s*u + 0 = 6. List the prime factors of y.
2
Suppose -16 = -2*c + c. Let j(b) = b**3 + 7*b**2 + 8*b + 1. Let q be j(-6). Let l = c + q. What are the prime factors of l?
5
Let u be (-33)/(-9) + 4/(-6). Let m(d) = -3*d - d**2 + 2*d**2 - u*d. What are the prime factors of m(7)?
7
Let j = 369 + -211. What are the prime factors of j?
2, 79
Let z(d) = d**3 + 7*d**2 + 2. Let x be z(-7). What are the prime factors of 4*(92/8 - x)?
2, 19
List the prime factors of (19 - 7)*28/6.
2, 7
Let y = -41 - -58. Let b = -5 + y. Let q = -2 + b. What are the prime factors of q?
2, 5
Suppose 0 = q + 2*l - 46, l - 149 = -4*q - 0*l. What are the prime factors of q?
2, 3
Suppose -70 = -5*x + 5*g, -5*g + 109 = 3*x + 27. What are the prime factors of x?
19
Suppose p = 2*p - 3. What are the prime factors of p?
3
Let l be 9/(-7) + (-4)/(-14). Let m(q) = -q**3. Let b be m(l). What are the prime factors of b - 2 - 6*-2?
11
Suppose -2*m - o + 14 = 2*o, 3*o - 22 = -4*m. Let x = m + 5. What are the prime factors of x?
3
Let c be ((-4)/(-6))/(2/(-36)). Let d = 5 - 25. Let a = c - d. What are the prime factors of a?
2
Suppose 0 = -3*v - v - 8. List the prime factors of 17 + 3 + 2/v.
19
Let h = -12 - -42. What are the prime factors of h?
2, 3, 5
Let c(f) = -f + 14. Let s be c(9). Suppose 120 = 5*z - 5*l, z - s*z - 4*l = -56. List the prime factors of z.
19
Let a(c) = -2*c - 2. Let d be a(-6). Let s = -8 - -4. Let k = d + s. What are the prime factors of k?
2, 3
Let i = 1 + 1. Suppose 4 = i*w - 20. What are the prime factors of w?
2, 3
Let b(a) = -4*a - 1. Let d(c) = -11*c - 3. Let v(z) = 8*b(z) - 3*d(z). Let y be 1/(2/12 - 0). What are the prime factors of v(y)?
7
Let y(a) be the third derivative of 7*a**5/30 - a**4/24 + a**2. Let d be y(-1). Suppose -5*h = -z + d, z - 3*z = h - 8. List the prime factors of z.
5
Suppose 2*s - 78 + 512 = 2*u, 4*u - 5*s - 863 = 0. List the prime factors of u.
2, 3, 37
Suppose 3*q - 5*v - 10 = -4*v, -2*v = -4*q + 12. Suppose q*p - 2*y = 48, -12 = -2*p - 3*y + y. List the prime factors of p.
2, 5
Suppose -309 = -o + n, -o + 3*o + 3*n = 618. List the prime factors of o.
3, 103
Let z(b) = 7 - 6 - 6*b - 4. List the prime factors of z(-3).
3, 5
What are the prime factors of (-627)/(-22) - (-6)/4?
2, 3, 5
Let d be (15/3 - 2) + 37. Suppose r + 24 = 2*x, 2*x - r - 4*r = d. What are the prime factors of x?
2, 5
Suppose 7*w = 9*w - 92. List the prime factors of w.
2, 23
Suppose a + 6 = c + 14, -2*c = 3*a - 29. List the prime factors of a.
3
Suppose 0 = 4*i - 2*i - 4. Suppose -4*v + 13 = -5*t, -7 - 5 = -4*t. Suppose v = q + i. List the prime factors of q.
5
Let g(y) = -2*y + 10. Let x be g(-7). Let t = -2 + 4. Suppose -t*i = -0*i - x. What are the prime factors of i?
2, 3
Let q(j) = -30*j**3 - 2*j**2 + j. What are the prime factors of q(-2)?
2, 5, 23
Suppose 2*s - 334 = -2*f - 0*s, 0 = -f + 3*s + 163. What are the prime factors of f?
2, 83
Let u = -12 + 22. Suppose -3*q = -4*q + u. List the prime factors of q.
2, 5
Let i = 32 + -48. Let z = i - -28. Suppose 5*x - 18 - z = 0. List the prime factors of x.
2, 3
Let f = 21 + -3. Let h = f - 4. List the prime factors of h.
2, 7
Let b = 413 + -174. List the prime factors of b.
239
Let x(a) = -a**2 - 5*a - 4. Let f be x(-3). Suppose -f*q = -5*q + 39. List the prime factors of q.
13
Let v(q) = -5*q. Let g be v(-1). Suppose -g*p + 13 = -2. Suppose -p*t + 23 = 4*k, 3*k - 19 = k - 3*t. List the prime factors of k.
2
Suppose -24 = -3*z - 57. Let i be (-24)/z - 2/11. Suppose -i*p + 35 = c, -c - 25 = -2*p - 0*c. List the prime factors of p.
3, 5
Suppose 2*b = 4*f + 4, 0 = -5*b - 0*f + 2*f - 22. Let o(d) = -d**3 + 4*d**2 + 1. Let j be o(3). Let r = b + j. List the prime factors of r.
2
Let k = 17 + -15. What are the prime factors of k?
2
Suppose 175 = 3*l + 49. List the prime factors of l.
2, 3, 7
Let q(v) = -v**2 - 5*v - 7. Let h be q(-6). Let s = 5 - h. List the prime factors of s.
2, 3
What are the prime factors of -1 - ((-844)/4 - 4)?
2, 107
Let z be 76/18 + 4/(-18). Suppose 4*p - 3*j - 8 - 16 = 0, -p + z*j + 6 = 0. List the prime factors of p.
2, 3
Suppose 4 = o + 1. Suppose o*b + 2 - 24 = 2*a, 3*a = 4*b - 30. List the prime factors of b.
2, 3
Let p = -2 + 0. Let i(w) = 2*w**2 - w. Let j be i(p). Let d = j + -4. List the prime factors of d.
2, 3
Suppose -4*n - 2*q = -7*n - 25, -44 = 5*n - q. Suppose 3*u - 21 = 33. Let o = n + u. What are the prime factors of o?
3
Suppose 0 = -0*c + 3*c. Let j be (1 - -5)/1 + c. What are the prime factors of j*(1 - 1/(-2))?
3
Let i = -3